{"id":2,"date":"2014-02-07T13:11:27","date_gmt":"2014-02-07T13:11:27","guid":{"rendered":"http:\/\/sites.fusion.ciemat.es\/rsef-plasmas\/?page_id=2"},"modified":"2024-04-20T21:23:18","modified_gmt":"2024-04-20T21:23:18","slug":"presentacion","status":"publish","type":"page","link":"http:\/\/rsef-plasmas.ciemat.es\/rsef-plasmas\/","title":{"rendered":"Presentaci&oacute;n"},"content":{"rendered":"<p style=\"text-align: justify;\">El grupo especializado de F\u00edsica de Plasmas comenz\u00f3 su andadura tras la reuni\u00f3n fundacional que tuvo lugar en 2010 en la sede de Moncloa del <a title=\"CIEMAT\" href=\"http:\/\/www.ciemat.es\" target=\"_blank\" rel=\"noopener\">Centro de Investigaciones Energ\u00e9ticas, Medioambientales y Tecnol\u00f3gicas<\/a> (CIEMAT), una vez aceptado formalmente por la Junta de Gobierno de la <a title=\"RSEF\" href=\"http:\/\/rsef.es\" target=\"_blank\" rel=\"noopener\">RSEF<\/a> en noviembre de 2009.<\/p>\n<p style=\"text-align: justify;\">En la reuni\u00f3n fundacional se acord\u00f3 la formaci\u00f3n de la denominada Junta Constituyente del Grupo de F\u00edsica de Plasmas, siendo su primer objetivo la elaboraci\u00f3n de unos estatutos que fueron votados y aprobados en Julio de 2010. Posteriormente tuvieron lugar las elecciones a miembros del Comit\u00e9 Ejecutivo, constituy\u00e9ndose, as\u00ed, el primer comit\u00e9 presidido por Carlos Hidalgo Vera, investigador del CIEMAT, verdadero gestor e impulsor de la creaci\u00f3n del grupo especializado.<\/p>\n<p style=\"text-align: justify;\">Los principales objetivos del grupo son los siguientes:<\/p>\n<ul style=\"text-align: justify;\">\n<li>Promover las actividades de divulgaci\u00f3n de la Ciencia y la Tecnolog\u00eda, particularmente\u00a0 en el campo de la F\u00edsica de Plasmas y sus aplicaciones.<\/li>\n<li>Fomentar la relaci\u00f3n entre sus miembros, as\u00ed como con organismos nacionales e internacionales, estimulando la colaboraci\u00f3n multidisciplinar en plasmas.<\/li>\n<li>Desarrollar programas de educaci\u00f3n y formaci\u00f3n en plasmas.<\/li>\n<\/ul>\n<p style=\"text-align: justify;\">Estos objetivos no son finalistas, son \u201ctareas\u201d que deben servir de gu\u00eda a los componentes del grupo en su trabajo para que la F\u00edsica de Plasmas, ya sea en su dimensi\u00f3n b\u00e1sica o aplicada forme parte de la estructura basal de la ciencia a desarrollar en nuestro pa\u00eds, partiendo del presente y desarroll\u00e1ndose, de forma mantenida, a lo largo de los pr\u00f3ximos a\u00f1os. Para que esto sea posible, se necesita del concurso de los m\u00e1s de 100 cient\u00edficos y tecn\u00f3logos que trabajan en esta disciplina. De ah\u00ed, que los componentes del grupo especializado, debamos sentirnos comprometidos a hacer de los objetivos mencionados anteriormente una realidad.<\/p>\n","protected":false},"excerpt":{"rendered":"<p>El grupo especializado de F\u00edsica de Plasmas comenz\u00f3 su andadura tras la reuni\u00f3n fundacional que tuvo lugar en 2010 en la sede de Moncloa del Centro de Investigaciones Energ\u00e9ticas, Medioambientales y Tecnol\u00f3gicas (CIEMAT), una vez aceptado formalmente por la Junta &hellip; <a href=\"http:\/\/rsef-plasmas.ciemat.es\/rsef-plasmas\/\">Sigue leyendo <span class=\"meta-nav\">&rarr;<\/span><\/a><\/p>\n","protected":false},"author":15,"featured_media":0,"parent":0,"menu_order":0,"comment_status":"closed","ping_status":"closed","template":"","meta":{"footnotes":""},"class_list":["post-2","page","type-page","status-publish","hentry"],"_links":{"self":[{"href":"http:\/\/rsef-plasmas.ciemat.es\/rsef-plasmas\/wp-json\/wp\/v2\/pages\/2","targetHints":{"allow":["GET"]}}],"collection":[{"href":"http:\/\/rsef-plasmas.ciemat.es\/rsef-plasmas\/wp-json\/wp\/v2\/pages"}],"about":[{"href":"http:\/\/rsef-plasmas.ciemat.es\/rsef-plasmas\/wp-json\/wp\/v2\/types\/page"}],"author":[{"embeddable":true,"href":"http:\/\/rsef-plasmas.ciemat.es\/rsef-plasmas\/wp-json\/wp\/v2\/users\/15"}],"replies":[{"embeddable":true,"href":"http:\/\/rsef-plasmas.ciemat.es\/rsef-plasmas\/wp-json\/wp\/v2\/comments?post=2"}],"version-history":[{"count":6,"href":"http:\/\/rsef-plasmas.ciemat.es\/rsef-plasmas\/wp-json\/wp\/v2\/pages\/2\/revisions"}],"predecessor-version":[{"id":177,"href":"http:\/\/rsef-plasmas.ciemat.es\/rsef-plasmas\/wp-json\/wp\/v2\/pages\/2\/revisions\/177"}],"wp:attachment":[{"href":"http:\/\/rsef-plasmas.ciemat.es\/rsef-plasmas\/wp-json\/wp\/v2\/media?parent=2"}],"curies":[{"name":"wp","href":"https:\/\/api.w.org\/{rel}","templated":true}]}}